0 - 10 = 0. Suppose r = 0, 4*r - 31 - 113 = 4*b. Is 9/3 + h - b a composite number?
False
Suppose 0*l - 4 = l. Let m = 20 + l. Suppose 5*a + 5*y = 3130, 4 = -4*y - m. Is a prime?
True
Let z = 15 + -13. Suppose l = -2*k + 326, -k - 163 = -z*k - 2*l. Is k a prime number?
True
Is -4 + 2 + (26 - -1949) a composite number?
False
Let i(n) = -40*n**2 - n + 1. Let u be i(1). Let v = u + 444. Suppose -2*t = -3*b + v, 4*b - t - 533 = -4*t. Is b composite?
True
Let r(l) = 150*l + 13. Let z(u) = 151*u + 13. Let v(q) = -6*r(q) + 7*z(q). Is v(4) a prime number?
True
Is (-3)/18 + (1 - 9545/(-30)) a prime number?
False
Is -23*((-40)/(-10) + -27) a prime number?
False
Let u = -11 + -12. Let f = 26 + u. Let q(s) = 26*s**2 - 6*s + 7. Is q(f) prime?
True
Let q = 6882 - 3139. Is q a prime number?
False
Let k = 44 - 40. Suppose k*a - 408 = 1676. Is a composite?
False
Let k = -15 + 16. Is (0 + 1574)*((-15)/(-10) - k) a prime number?
True
Let z = 2335 + 682. Is z prime?
False
Let m be (5/((-20)/8))/(1/(-1166)). Suppose 9*i - m = 305. Is i a prime number?
True
Let p = -11 - -12. Let z(q) = -34*q. Let w(y) = -1. Let x(l) = p*z(l) + 3*w(l). Is x(-7) a composite number?
True
Suppose -4*g - 3*z + 4*z = -635, 479 = 3*g + 2*z. Is g prime?
False
Is 4/(-4)*(-5 - 402) a composite number?
True
Let j = -13 + 13. Suppose -2*w + 4*x = -0*x + 6, -3*w + 2*x + 3 = j. Suppose w*u - 5*u + 1070 = 0. Is u prime?
False
Suppose 0 = -7*q + 18*q - 7546. Suppose -n = -q - 1263. Is n prime?
True
Suppose 0 = -2*a - 2*a + 20. Suppose a*g + 22 = d - 0*g, 0 = 4*d - g - 12. Suppose 0 = -d*t - t + 159. Is t a composite number?
False
Suppose -75 = -5*g + 4*x, 0 = -0*g - 2*g + x + 30. Suppose 0 = -23*v + g*v + 7016. Is v a prime number?
True
Let u(o) = o**2 - 2*o + 1. Let p be u(1). Let w(d) = 6*d**2 - 14*d + 24. Let r be w(11). Suppose 3*x + x - r = p. Is x a composite number?
False
Suppose 3*i - a = -0*a + 2306, i - 3*a - 758 = 0. Let b(h) = h**2 + 12*h - 59. Let u be b(-16). Suppose -u*m + 5*v + i + 1420 = 0, 2*v = 5*m - 2193. Is m prime?
True
Suppose -t - 2217 = 5*m - 7*m, m - 1108 = t. Is m prime?
True
Suppose -2*u = 3*w - 30, -w = 2 + 2. Suppose -2*m - 2 = 0, m = -5*k - 0*m - u. Let a = 19 - k. Is a prime?
True
Suppose -3*o + 4*k + 36 = 3*k, 0 = -4*o + 5*k + 59. Suppose -2*n + 1 = 4*z + o, -32 = -4*n + 5*z. Is n + -3 + 57/1 a prime number?
False
Let q = 767 + -360. Is q a prime number?
False
Let o(f) = 208*f**3 - 6*f**2 + 3*f + 1. Is o(4) composite?
False
Let z be (-9)/(4 + -1) - (3 - -590). Let m = z + 5317. Is m prime?
True
Suppose -3*w - 5*v - 1620 = -5*w, 0 = -w - v + 824. Suppose w = 2*q + 2*o - o, 4*o = 4*q - 1628. Is q prime?
True
Let a(k) = -11*k - 20. Let y be a(16). Let g = y + 54. Is 3/(-6) - g/4 a prime number?
False
Let j be (2/(-3))/((-6)/45). Let t(k) = -112*k + 21. Let c be t(-4). Suppose c = j*o - 126. Is o a composite number?
True
Suppose -28 = -2*f - 2*f + 5*k, 5*k = 3*f - 26. Suppose -h - 3*h - 489 = -b, f*b - 953 = 3*h. Is b a prime number?
False
Suppose -2*v - 5 = -8*o + 3*o, v = -2*o + 11. Suppose 2*x - 624 = -5*y, o*x + 156 = -3*y + 1083. Is x a prime number?
True
Let f = -7 + 13. Suppose 0 = g - 8 + f. Suppose -2*p - 378 = -3*p - o, -g*p + 3*o + 751 = 0. Is p prime?
False
Suppose 3*q + q = -2*c - 22, q = 3*c + 5. Let v(p) be the second derivative of 17*p**4/12 + p**3/2 - 9*p**2/2 - 2*p. Is v(q) composite?
False
Suppose 6*a - 1341 = 3*a. Suppose a = 3*y - 270. Is y a prime number?
True
Suppose 63358 + 86586 = 8*a. Is a a composite number?
False
Let z be 0 + (-2)/8*-4. Let x(b) = -681*b**2 + b - 2. Let l be x(z). Let r = l + 1077. Is r a composite number?
True
Suppose -5 = 4*u - 2*u + 3*z, 2*z + 4 = -u. Suppose -2*q + 2*p + 306 = 0, 2*p - 296 = -u*q + 26. Is q prime?
True
Let g = 5088 - 1397. Is g prime?
True
Suppose -p = 2 - 6. Suppose -4*i + 832 = 5*s, -2*i + 390 = -0*i - p*s. Is i composite?
True
Let q be ((-3)/(-2))/(3/(-7792)). Let x = q + 6673. Is x composite?
False
Let d(j) = j**3 + 8*j**2 + 6*j - 4. Let h be d(-7). Is (((-6)/(-4))/h)/(5/3310) composite?
False
Let s be (7 - 3)/1 + -32. Is 7/s - 5050/(-8) prime?
True
Let a = 3026 - 1767. Is a a composite number?
False
Suppose -400*g + 49318 = -398*g. Is g composite?
False
Suppose 3*u = 19 - 4. Suppose -3*l + u*l + 10880 = 0. Is l/(-28) + 2/(-7) composite?
True
Let r(o) be the first derivative of 45*o**2/2 + 16*o + 42. Is r(2) composite?
True
Let w(p) = p**3 - 7*p**2 - 8*p + 9. Suppose 0*m - 48 = -6*m. Let t be w(m). Is 2/t + (-6097)/(-63) composite?
False
Let m(d) = 14*d**2 - 11*d + 83. Is m(-12) prime?
False
Let r(i) = -i**2 - i - 6. Let v be r(12). Let b = -79 - v. Is b a prime number?
True
Suppose 40877 = 36*l + 5*l. Is l prime?
True
Let q(h) = 74*h**2 - h. Let t be q(2). Let b = 464 - t. Let p = -87 + b. Is p prime?
True
Suppose -f = -2*f + 7. Suppose 1 = a + f. Let z(s) = -s**3 - 5*s**2 - 6*s - 5. Is z(a) a prime number?
True
Suppose 3*l - 17 = s + 10, -l = -3*s - 1. Let p be (-11256)/(-15) - 4/l. Suppose -3*v - 3*b + p = 0, 3*v - 1005 = -v + b. Is v a prime number?
True
Suppose 34 - 2 = -8*d. Is (-3)/(-3) + (-648)/d prime?
True
Let y(b) = 179*b - 6. Let n be y(7). Suppose -788 = -5*x + n. Is x a prime number?
False
Let m(x) = x + 5. Let u be m(-6). Let f be u/(-4*(-2)/1304). Let w = f - -348. Is w a composite number?
True
Let b(y) = 56*y**2 + 28*y + 54. Is b(-7) a composite number?
True
Let i = 4 - 1. Suppose -q + r - 33 = 132, -i*q - 2*r - 495 = 0. Let a = 244 + q. Is a a prime number?
True
Let w(y) = 105*y**3 - 5*y**2 + 3*y + 3. Let p(k) = 4*k**2 - 1. Let h be p(1). Let s be w(h). Suppose 6*c - s = 684. Is c composite?
True
Let d(z) = z**3 + 4*z**2 + 5. Let u be ((-6)/9)/((-3)/(-18)). Let g be d(u). Suppose 0 = 7*j - g*j - 98. Is j composite?
True
Is (-4)/14 - (13 + (-88900)/49) prime?
True
Suppose -101*k - 158054 = -127*k. Is k a composite number?
False
Let i(k) = 433*k**3 + 8*k**2 + 14*k + 3. Let w(l) = -144*l**3 - 3*l**2 - 5*l - 1. Let n(s) = -4*i(s) - 11*w(s). Is n(-1) a prime number?
True
Let s(a) = -a**3 + 28*a**2 - 3*a + 3. Let y(u) = -u**2 - 14*u - 7. Let h be y(-11). Is s(h) composite?
False
Let v = -40 + 51. Suppose -v*q + 9*q = -222. Is q a prime number?
False
Suppose 2*o - 6*o = -5*g - 276, 5*g - o = -264. Let b = g + 309. Is b a prime number?
True
Let p(r) = r**3 + 17*r**2 + r - 11. Suppose 13 + 3 = 2*c. Is p(c) a prime number?
True
Suppose -4*i - 112 = 1328. Let z = 460 - i. Suppose -2*w = 2*w - z. Is w prime?
False
Let m = -143 - -143. Suppose 0*j + j + 5*o = 634, m = 5*j - 5*o - 3140. Is j a composite number?
True
Let b(w) = -22*w + 13. Let h = 24 - 22. Suppose -30 = i + h*i. Is b(i) a composite number?
False
Let n(d) = 170*d + 151. Is n(20) a prime number?
False
Let n(a) = a - 2. Let m(v) = 3*v - 7. Let j be m(4). Let b be n(j). Suppose -b*l = -3*k - 174, -5*l = 5*k + 6 - 246. Is l composite?
False
Suppose 5*s + 3 - 13 = 0. Suppose -2*k + 367 = 2*n - 49, s*n + 8 = 0. Suppose 6*z - k = 2*z. Is z composite?
False
Suppose -u - 150 = -f, -2*f = -2*u + 5*u - 280. Is f a prime number?
False
Let s(r) = -r**3 + 11*r**2 - 4*r + 17. Suppose 0 = -3*p + 30 - 3. Is s(p) composite?
True
Let n = -1001 - -1423. Is n composite?
True
Let j(d) = -d**3 + 3*d**2 + 6*d. Let x be j(-6). Suppose 0 = -k - 5*r + x - 44, -4*r - 827 = -3*k. Is k a composite number?
False
Suppose -15*v = -5*v - 28190. Is v a prime number?
True
Let w = -4709 - -8204. Suppose 4*a - w = -3*k + 1442, k = -2*a + 1643. Is k composite?
True
Let f = 195 + 1187. Is f a prime number?
False
Suppose 19 = -3*a + 5*a - 5*k, -17 = -a + 5*k. Suppose 8617 = 4*m + m - 3*l, -a*m = -l - 3446. Is m prime?
True
Let j be (-8770)/50 - 2/(-5). Let n = j - -376. Is n composite?
True
Suppose -32*k = -49*k + 175117. Is k a prime number?
True
Is -9 + (-25)/((-75)/204468) a prime number?
True
Let o(w) = -263*w**3 - 13*w**2 - 21*w - 91. Is o(-12) composite?
True
Suppose -3*f - 498 = -5*f. Is f prime?
False
Let y(t) = 1828*t**3 + 3*t**2 - 4*t + 5. Is y(2) a composite number?
False
Let g(f) = 2*f**3 - 20*f**2 + 13*f + 10. Let b be g(8). Let k = 591 + b. Is k composite?
False
Let o be ((-9)/(-2))/((-9)/672). Let s = 527 + o. Is s a composite number?
False
Let k be 2 + -2 + (5 - 0). Suppose -18*u - 19368 = -30*u. Suppose -2*d = -0*d - 4*l - u, 2*d - k*l - 1610 = 0. I